. Let l = -42 + z. Suppose -2*n + l + 4 = 0. What is the highest common divisor of n and 138?
23
Suppose 0 = 24*k - 20*k - 36. Suppose k*v + 3*v = 12. Calculate the greatest common factor of 14 and v.
1
Let j = 44 + 43. Let s = j + -42. Let d be ((-9)/24)/(1/(-24)). Calculate the greatest common divisor of d and s.
9
Suppose 0*t = t - 2, 96 = 3*l + 3*t. Suppose 0 = 4*v + 2*v - l. Suppose 3*x + x = n + 6, -v*x = -5*n. Calculate the highest common divisor of x and 18.
2
Let k be (-2)/6 - 350/(-42). Let c(v) = -3*v - 29. Let y be c(-9). Let x be 14 - (y + 2 + -2). What is the highest common divisor of x and k?
8
Suppose -2*g - 5*x = -2 - 44, -3*g + 111 = -3*x. Suppose g*j + 105 = 40*j. What is the greatest common divisor of j and 285?
15
Suppose -4*q + p = 5*p - 4956, -q - 4*p + 1230 = 0. Calculate the highest common divisor of q and 4416.
138
Let r = 147 + -106. Suppose w = f, -4*f - w = -f - 4. What is the highest common divisor of r and f?
1
Let s be 48/(62/(-31) + 236/112). What is the greatest common factor of 476 and s?
28
Suppose 2*c = 8, 521*j - 2*c + 403 = 526*j. Calculate the highest common divisor of 237 and j.
79
Let i be 175/(-25)*(-30 + -1). Let q = i + -178. What is the highest common divisor of q and 117?
39
Suppose -6*p - 4*h = -p - 208, p + h = 42. Let x = p - 24. What is the highest common factor of x and 248?
8
Let n(c) = 21*c + 9*c - 20 + 18*c + 6. Let h be n(6). Let z = -175 + h. Calculate the highest common factor of z and 9.
9
Suppose -3*h - 11361 = -3*y, 3*h + 14081 = 5*y - 4858. What is the greatest common factor of 9 and y?
9
Let v be 452396/112 + 63 - (-1 - 5/(-4)). Calculate the greatest common divisor of 14 and v.
14
Suppose 0 = -2*y - 73 + 373. Let i be 8/(-28) + (-23)/(-7). Let s be ((-21)/i)/(-14) - (-119)/2. What is the highest common factor of s and y?
30
Let s(a) = -a**3 - 10*a**2 - 15*a - 25. Let m be s(-10). Suppose -9*c = -4*c - m. Let b be 4/16*4*c. What is the greatest common factor of b and 175?
25
Suppose -4 = 4*i - 2*v - 6, -3 = -3*i + 2*v. Let g be i/(-2)*(-2128)/(-14). What is the highest common factor of g and 4?
4
Suppose 174*f = 176*f + 3*i - 245, -570 = -5*f + i. Calculate the highest common divisor of 3105 and f.
115
Suppose -37*u - 5*t - 382 = -44*u, -5*t = -4*u + 214. Suppose 3*i - 706 = 4*p, 0*i + p - 478 = -2*i. Calculate the greatest common factor of i and u.
14
Let k = 13707 + -9207. Calculate the highest common divisor of k and 54.
18
Let s = -2038803 + 2038819. Let z(b) = -b. Let p be z(-2). Suppose -4*m - 16 = -o, -4*o - p = 2*m - 12. Calculate the greatest common divisor of s and o.
4
Suppose 4*n - 13 + 5 = 0. Suppose 11 - 5 = n*x. Suppose 3*i = 2*t - 311, 631 = 4*t - x*i - 0*i. What is the greatest common factor of t and 64?
32
Suppose -w = 4*u - 31, -2*w + 76 = 5*u + 11. Let q be (-12)/(-22) + 5887/77. What is the highest common factor of w and q?
7
Let s = 1 - -1. Suppose -2*h - 4*w = 118 + 122, 216 = -2*h + s*w. Let n = h - -162. What is the greatest common divisor of n and 25?
25
Suppose 2*l + l - 216 = 0. Suppose 7*v - l = 3*v. Calculate the highest common divisor of v and 45.
9
Let r = -23 - -21. Let a(b) = -2*b**3 - 4*b**2 - 2*b - 1. Let s be a(r). Suppose -s*i + 5*k = -7, -i + k + 7 = 4. What is the highest common factor of i and 36?
4
Suppose 4*x - 3*r + 470 = 0, 2*x = -2*r + 7*r - 242. Let j = 69 - x. What is the highest common factor of 5 and j?
5
Suppose -8*p + 38331 = -7385 - 3788. Calculate the highest common divisor of p and 408.
68
Suppose 12879 - 1912 = 4*x - 6601. What is the greatest common factor of 18 and x?
18
Let h = -97 - -335. Suppose 5*p - 65 = 4*x + 153, -4*x - 50 = -p. Calculate the greatest common factor of p and h.
14
Let u(f) = 5*f**3 + 10*f**2 - 27*f + 91. Let s be u(8). Calculate the highest common factor of 375 and s.
75
Suppose -5*j - 21 + 11 = 0. Let p be 2 - j/(-2)*-5. Suppose -p*g + 11*g = 32. Calculate the highest common factor of g and 2.
2
Let l = 144 - 140. Let n be 1/2*259*l*2. Calculate the highest common factor of n and 28.
28
Suppose 0 = -r - 14*r + r + 14. Let u be (1 + 0)*(-3)/(-3). What is the greatest common divisor of r and u?
1
Let i(z) = -206*z - 1208. Let v be i(-6). Calculate the highest common divisor of v and 3514.
14
Suppose -15*j = -12*j - 3*p - 1836, -2*p = 6. Suppose j*v - 66 = 606*v. Calculate the greatest common divisor of 110 and v.
22
Let a be (-6)/8 + (-5)/4. Let z be 704*((-4)/(-32))/(a/(-16)). Calculate the highest common factor of z and 11.
11
Suppose 1104 = 8*s - 0*s. Let m = s + 144. Suppose 7*i - 54 = m. Calculate the greatest common divisor of 32 and i.
16
Let u = -5250 - -5367. What is the greatest common divisor of u and 2379?
39
Suppose -3*i + 1030 - 1071 = -2*z, 5*i + 5 = 0. Let u(b) = b**3 + 5*b**2 + 4*b + 1. Let n be u(-4). What is the greatest common factor of z and n?
1
Suppose -39 = -2*i + 39. Suppose 0 = 3*s - 8*v + 13*v - 19, -s + 17 = -v. Calculate the greatest common factor of i and s.
13
Let j be (-126)/(-27)*(-2 - (-4376)/16). What is the greatest common factor of j and 91?
7
Suppose 3*r + 2 = -16. Let x(m) be the third derivative of -m**5/60 - m**4/3 - m**3/6 + 44*m**2. Let a be x(r). What is the highest common factor of a and 22?
11
Suppose -5500 = -231*d + 211*d. Let q be 4/(-10) + 1104/10. What is the highest common divisor of q and d?
55
Let c be (510/(-18))/(4/(-72)). Let s = c - 278. Suppose -3*m = -113 + 26. Calculate the highest common divisor of s and m.
29
Let f(y) = -3*y**3 + 63*y**2 + 40*y - 73. Let h be f(21). Let v = 850 - h. What is the highest common factor of 249 and v?
83
Suppose 60*y - 936 = 38*y - 56*y. Let x(b) = 2*b**2 - 9*b - 12. Let j be x(-12). Calculate the highest common divisor of y and j.
12
Let h(f) = 3*f**2 + 94*f + 42. Let i be h(-33). Calculate the greatest common factor of i and 529.
23
Suppose 41*r - 90 = 32*r. Suppose 2568 + 422 = r*s. What is the greatest common divisor of s and 69?
23
Suppose 2*l = -0*l + 62. Let u = 125 - 120. Let y be (67 - u)/(2/4). What is the greatest common factor of y and l?
31
Suppose -2*j - 230 + 250 = 0. Suppose 0 = 3*f - 5*a - 7 + 17, -3*f - 3*a + 30 = 0. Suppose -f*i = 9 - 19. Calculate the greatest common factor of j and i.
2
Let q(z) = 9*z**2 - 5*z - 15. Suppose 8*g - 12 = 12*g. Let m be q(g). Let v = 176 - m. What is the greatest common factor of 19 and v?
19
Suppose -108*y - 29*y = -411. Calculate the highest common factor of y and 23.
1
Suppose 21 - 6 = 3*w. Let h = -1560 - -1624. Suppose w*k + 14 = h. Calculate the greatest common factor of 80 and k.
10
Let u(v) = 24*v**2 - 5*v - 16. Let y be u(-2). Let q be (4 - 3)/(6/y). Calculate the greatest common divisor of q and 10.
5
Suppose 35*v - 40*v + j + 1263 = 0, v = -3*j + 243. What is the highest common factor of v and 444?
12
Suppose -310*v - 35872 = -69*v - 304105. What is the highest common divisor of v and 168?
21
Suppose -2*w - 3*n = -225 - 189, 0 = -5*w + 2*n + 1092. Calculate the greatest common divisor of 1350 and w.
54
Let r be (2/5)/((-60)/225)*-20. Suppose -4*f - r = -9*f. Calculate the greatest common factor of 2 and f.
2
Suppose -20*z + 26*z + 5556 = 0. Let r = 966 + z. Calculate the highest common divisor of r and 10.
10
Let o = 1061 - 1019. What is the highest common divisor of o and 3486?
42
Let u(p) = p**3 + 5*p**2 - 5*p + 4. Let a be u(4). Let j = -554 + 558. Calculate the greatest common divisor of a and j.
4
Let d = -49 + 69. Suppose 168 = -3*n + 651. Suppose -n = -8*a - 1. What is the highest common factor of a and d?
20
Suppose 257*j + 0*j = -13*j + 3593970. Calculate the highest common factor of 51 and j.
51
Let j(v) be the third derivative of v**6/120 - 3*v**5/5 + 37*v**4/24 - 5*v**3 + 124*v**2. Let l be j(35). Calculate the greatest common factor of l and 300.
20
Let h(w) = 66*w - 309. Let k be h(6). Calculate the greatest common divisor of k and 5597.
29
Suppose 24 = 3*s, 5*w - 2942 = 3*w - s. What is the greatest common divisor of w and 815?
163
Suppose -m + 126 = -4*m - 5*h, 2*m - 4*h = -84. Let p be 2*(m/(-4) + -2). What is the greatest common factor of 17 and p?
17
Let f(j) = -17*j - 19. Let k be f(11). Let n = 260 + k. What is the greatest common factor of 72 and n?
18
Suppose 0 = -m + 2*s + 96, -95*s + 96*s = 3*m - 258. Calculate the highest